y 95?
38
Calculate the remainder when 2570 is divided by 319.
18
What is the remainder when 146 is divided by 77?
69
What is the remainder when 4076 is divided by 340?
336
What is the remainder when 371 is divided by 122?
5
What is the remainder when 37811 is divided by 74?
71
What is the remainder when 45 is divided by 29?
16
Calculate the remainder when 637 is divided by 161.
154
Calculate the remainder when 2898 is divided by 11.
5
Calculate the remainder when 93 is divided by 18.
3
What is the remainder when 480 is divided by 163?
154
Calculate the remainder when 154 is divided by 33.
22
What is the remainder when 469 is divided by 156?
1
What is the remainder when 4404 is divided by 38?
34
Calculate the remainder when 109498 is divided by 60.
58
What is the remainder when 348 is divided by 25?
23
What is the remainder when 857 is divided by 48?
41
Calculate the remainder when 2013 is divided by 286.
11
Calculate the remainder when 987 is divided by 30.
27
What is the remainder when 44 is divided by 37?
7
What is the remainder when 1811 is divided by 904?
3
What is the remainder when 241 is divided by 22?
21
Calculate the remainder when 3147 is divided by 67.
65
Calculate the remainder when 275 is divided by 73.
56
What is the remainder when 329 is divided by 88?
65
What is the remainder when 318 is divided by 209?
109
Calculate the remainder when 36 is divided by 36.
0
Calculate the remainder when 1196 is divided by 60.
56
What is the remainder when 3034 is divided by 432?
10
What is the remainder when 3399 is divided by 27?
24
What is the remainder when 973 is divided by 170?
123
Calculate the remainder when 14262 is divided by 7.
3
Calculate the remainder when 58367 is divided by 32.
31
Calculate the remainder when 1981 is divided by 14.
7
What is the remainder when 912 is divided by 409?
94
What is the remainder when 168 is divided by 76?
16
Calculate the remainder when 311 is divided by 30.
11
Calculate the remainder when 47759 is divided by 24.
23
Calculate the remainder when 3143 is divided by 131.
130
Calculate the remainder when 447 is divided by 146.
9
What is the remainder when 218 is divided by 35?
8
What is the remainder when 29 is divided by 16?
13
Calculate the remainder when 859 is divided by 82.
39
Calculate the remainder when 170 is divided by 158.
12
Calculate the remainder when 587 is divided by 42.
41
Calculate the remainder when 127 is divided by 21.
1
Calculate the remainder when 221 is divided by 75.
71
Calculate the remainder when 3526 is divided by 93.
85
What is the remainder when 453 is divided by 17?
11
What is the remainder when 481 is divided by 82?
71
What is the remainder when 113 is divided by 16?
1
Calculate the remainder when 177 is divided by 70.
37
Calculate the remainder when 60 is divided by 7.
4
Calculate the remainder when 10499 is divided by 55.
49
What is the remainder when 111 is divided by 8?
7
Calculate the remainder when 146 is divided by 39.
29
Calculate the remainder when 221 is divided by 12.
5
Calculate the remainder when 237 is divided by 36.
21
What is the remainder when 3429 is divided by 382?
373
What is the remainder when 104 is divided by 37?
30
What is the remainder when 846 is divided by 99?
54
Calculate the remainder when 218 is divided by 52.
10
What is the remainder when 8243 is divided by 1648?
3
Calculate the remainder when 372 is divided by 52.
8
Calculate the remainder when 337 is divided by 15.
7
What is the remainder when 235 is divided by 34?
31
Calculate the remainder when 846 is divided by 271.
33
Calculate the remainder when 214 is divided by 104.
6
What is the remainder when 896 is divided by 229?
209
Calculate the remainder when 8616 is divided by 308.
300
What is the remainder when 2381 is divided by 241?
212
What is the remainder when 1230 is divided by 111?
9
What is the remainder when 806 is divided by 39?
26
What is the remainder when 2081 is divided by 6?
5
Calculate the remainder when 31 is divided by 16.
15
Calculate the remainder when 1114 is divided by 86.
82
What is the remainder when 5792 is divided by 23?
19
What is the remainder when 1325 is divided by 74?
67
What is the remainder when 125 is divided by 44?
37
What is the remainder when 2350 is divided by 67?
5
What is the remainder when 3129 is divided by 31?
29
Calculate the remainder when 52 is divided by 11.
8
What is the remainder when 1224 is divided by 5?
4
Calculate the remainder when 120 is divided by 11.
10
Calculate the remainder when 78 is divided by 46.
32
What is the remainder when 5698 is divided by 38?
36
Calculate the remainder when 1737 is divided by 1721.
16
What is the remainder when 431 is divided by 79?
36
What is the remainder when 594 is divided by 23?
19
What is the remainder when 4595 is divided by 11?
8
Calculate the remainder when 76 is divided by 37.
2
What is the remainder when 348 is divided by 341?
7
Calculate the remainder when 484 is divided by 115.
24
What is the remainder when 168 is divided by 126?
42
Calculate the remainder when 315 is divided by 53.
50
What is the remainder when 9615 is divided by 21?
18
What is the remainder when 78 is divided by 20?
18
What is the remainder when 847 is divided by 16?
15
What is the remainder when 66 is divided by 6?
0
Calculate the remainder when 493 is divided by 62.
59
Calculate the remainder when 1198 is divided by 30.
28
What is the remainder when 653 is divided by 67?
50
Calculate the remainder when 111 is divided by 26.
7
What is the remainder when 75 is divided by 19?
18
What is the remainder when 256 is divided by 65?
61
What is the remainder when 907 is divided by 14?
11
Calculate the remainder when 300 is divided by 139.
22
What is the remainder when 390 is divided by 383?
7
What is the remainder when 387 is divided by 98?
93
Calculate the remainder when 54 is divided by 20.
14
What is the remainder when 4834 is divided by 186?
184
What is the remainder when 7407 is divided by 130?
127
What is the remainder when 1318 is divided by 120?
118
What is the remainder when 678 is divided by 21?
6
Calculate the remainder when 3564 is divided by 41.
38
Calculate the remainder when 9163 is divided by 158.
157
Calculate the remainder when 128 is divided by 33.
29
What is the remainder when 133 is divided by 9?
7
What is the remainder when 178 is divided by 45?
43
What is the remainder when 1005 is divided by 156?
69
Calculate the remainder when 84 is divided by 62.
22
Calculate the remainder when 417 is divided by 133.
18
What is the remainder when 299 is divided by 86?
41
What is the remainder when 8292 is divided by 24?
12
What is the remainder when 65 is divided by 20?
5
What is the remainder when 258 is divided by 83?
9
Calculate the remainder when 346 is divided by 49.
3
What is the remainder when 572 is divided by 283?
6
Calculate the remainder when 1031 is divided by 54.
5
What is the remainder when 960 is divided by 31?
30
Calculate the remainder when 288 is divided by 90.
18
Calculate the remainder when 1424 is divided by 351.
20
What is the remainder when 51 is divided by 26?
25
Calculate the remainder when 117 is divided by 43.
31
Calculate the remainder when 310 is divided by 21.
16
Calculate the remainder when 7678 is divided by 23.
19
What is the remainder when 770 is divided by 107?
21
What is the remainder when 754 is divided by 236?
46
Calculate the remainder when 692 is divided by 54.
44
What is the remainder when 289 is divided by 180?
109
Calculate the remainder when 2579 is divided by 15.
14
Calculate the remainder when 177 is divided by 85.
7
What is the remainder when 168 is divided by 50?
18
What is the remainder when 5352 is divided by 45?
42
What is the remainder when 404 is divided by 73?
39
Calculate the remainder when 307 is divided by 99.
10
Calculate the remainder when 1772 is divided by 37.
33
Calculate the remainder when 2733 is divided by 8.
5
What is the remainder when 314 is divided by 105?
104
What is the remainder when 7404 is divided by 109?
101
Calculate the remainder when 112 is divided by 49.
14
What is the remainder when 169 is divided by 106?
63
What is the remainder when 164 is divided by 48?
20
Calculate the remainder when 89 is divided by 65.
24
What is the remainder when 185 is